?
False
Is 505 even?
False
Is 9 a factor of 56?
False
Is 16 a factor of 3718?
False
Is 910 a multiple of 5?
True
Is 1715 a multiple of 35?
True
Does 23 divide 1176?
False
Is 45 a factor of 495?
True
Does 25 divide 42525?
True
Is 32 a factor of 1114?
False
Is 105 a factor of 3149?
False
Is 7 a factor of 350?
True
Does 22 divide 1759?
False
Does 31 divide 4650?
True
Is 54138 a multiple of 15?
False
Is 6399 a multiple of 81?
True
Is 63 a factor of 7371?
True
Is 10971 a multiple of 53?
True
Does 40 divide 439?
False
Is 1080 a multiple of 18?
True
Is 7306 a multiple of 23?
False
Is 1350 a multiple of 27?
True
Does 2 divide 2419?
False
Is 732 a multiple of 12?
True
Is 49806 a multiple of 18?
True
Is 36 a factor of 416?
False
Does 63 divide 1953?
True
Is 2380 a multiple of 14?
True
Does 82 divide 21374?
False
Is 11 a factor of 2156?
True
Is 1134 a multiple of 42?
True
Is 2 a factor of 890?
True
Is 1008 a multiple of 84?
True
Is 467 even?
False
Is 32 a factor of 3481?
False
Does 18 divide 10705?
False
Is 69 a factor of 621?
True
Does 9 divide 20?
False
Is 18348 a multiple of 44?
True
Does 22 divide 28314?
True
Is 13 a factor of 1008?
False
Is 40 a factor of 1360?
True
Is 13 a factor of 2535?
True
Does 12 divide 15911?
False
Is 12838 a multiple of 43?
False
Is 7610 a multiple of 5?
True
Is 16 a factor of 3296?
True
Is 7 a factor of 343?
True
Is 55 a factor of 6655?
True
Does 189 divide 71442?
True
Is 68 a factor of 12716?
True
Does 30 divide 50190?
True
Is 6 a factor of 97?
False
Does 48 divide 192?
True
Is 24 a factor of 2856?
True
Does 61 divide 17934?
True
Does 14 divide 532?
True
Does 36 divide 4507?
False
Does 6 divide 874?
False
Does 65 divide 845?
True
Is 50 a factor of 26450?
True
Is 5 a factor of 1355?
True
Is 21 a factor of 8799?
True
Is 17 a factor of 3068?
False
Is 297 a multiple of 75?
False
Is 13 a factor of 858?
True
Is 159 a factor of 6996?
True
Does 21 divide 147?
True
Does 15 divide 150?
True
Is 10 a factor of 15630?
True
Does 7 divide 540?
False
Is 154 a factor of 14417?
False
Does 76 divide 3724?
True
Is 4275 a multiple of 123?
False
Is 414 a multiple of 23?
True
Is 18 a factor of 1062?
True
Does 13 divide 378?
False
Does 13 divide 494?
True
Is 26 a factor of 949?
False
Is 94 a factor of 25333?
False
Is 2825 a multiple of 93?
False
Does 57 divide 6007?
False
Is 55 a factor of 2214?
False
Is 25 a factor of 31850?
True
Is 49 a factor of 53116?
True
Is 10 a factor of 1406?
False
Does 39 divide 2691?
True
Is 1480 a multiple of 47?
False
Does 3 divide 826?
False
Does 3 divide 200?
False
Is 6 a factor of 12144?
True
Does 64 divide 266?
False
Is 165 a factor of 26400?
True
Does 19 divide 127?
False
Is 12 a factor of 3041?
False
Is 139 a factor of 11676?
True
Is 25 a factor of 8100?
True
Is 93 a multiple of 5?
False
Is 3 a factor of 852?
True
Does 73 divide 1898?
True
Does 11 divide 1358?
False
Is 17 a factor of 371?
False
Is 32 a factor of 608?
True
Is 70 a factor of 3500?
True
Does 29 divide 3841?
False
Does 16 divide 432?
True
Is 2 a factor of 1039?
False
Is 7200 a multiple of 94?
False
Does 13 divide 2119?
True
Is 14 a factor of 5028?
False
Is 111 a factor of 4884?
True
Is 104 a factor of 9578?
False
Does 114 divide 51001?
False
Is 380 a multiple of 38?
True
Does 9 divide 1907?
False
Does 22 divide 651?
False
Does 35 divide 3570?
True
Does 24 divide 552?
True
Is 166 a multiple of 21?
False
Is 154 a multiple of 22?
True
Is 6632 a multiple of 14?
False
Does 58 divide 696?
True
Does 13 divide 66341?
False
Is 3 a factor of 198?
True
Is 8085 a multiple of 77?
True
Is 81 a factor of 4050?
True
Is 46 a factor of 35922?
False
Is 9 a factor of 2583?
True
Is 4448 a multiple of 16?
True
Does 5 divide 1220?
True
Is 396 a multiple of 13?
False
Is 31 a factor of 29709?
False
Does 21 divide 100926?
True
Does 204 divide 16545?
False
Is 1790 a multiple of 74?
False
Is 20888 a multiple of 298?
False
Is 1598 a multiple of 18?
False
Is 2539 a multiple of 19?
False
Does 154 divide 1813?
False
Is 72 a multiple of 8?
True
Does 6 divide 4860?
True
Is 7 a factor of 34114?
False
Does 3 divide 648?
True
Is 12 even?
True
Is 20 a factor of 12500?
True
Is 9 a factor of 1789?
False
Does 8 divide 432?
True
Is 17 a factor of 9883?
False
Is 533 a multiple of 11?
False
Is 21024 a multiple of 48?
True
Is 126 a multiple of 14?
True
Is 19 a factor of 3959?
False
Is 10 a factor of 102?
False
Does 76 divide 15945?
False
Does 10 divide 514?
False
Does 6 divide 136?
False
Does 21 divide 19885?
False
Is 6250 a multiple of 50?
True
Is 14954 a multiple of 7?
False
Does 5 divide 1243?
False
Is 188 a multiple of 47?
True
Does 17 divide 7123?
True
Does 5 divide 3860?
True
Is 1021 a multiple of 28?
False
Does 13 divide 138?
False
Is 10 a factor of 140?
True
Is 94 a factor of 4495?
False
Is 5 a factor of 130?
True
Is 6 a factor of 10118?
False
Does 44 divide 880?
True
Is 8 a factor of 1712?
True
Is 4792 a multiple of 2?
True
Is 4790 a multiple of 2?
True
Does 144 divide 21456?
True
Is 195 a factor of 7117?
False
Does 20 divide 1833?
False
Is 9195 a multiple of 39?
False
Does 70 divide 1260?
True
Is 29864 a multiple of 15?
False
Is 31 a factor of 129332?
True
Does 7 divide 448?
True
Is 8 a factor of 1970?
False
Does 23 divide 12075?
True
Does 3 divide 1656?
True
Is 38 a factor of 45645?
False
Does 4 divide 13?
False
Is 3480 a multiple of 26?
False
Is 23 a factor of 1909?
True
Does 25 divide 167?
False
Does 9 divide 360?
True
Is 7090 a multiple of 5?
True
Is 4671 a multiple of 7?
False
Does 43 divide 218?
False
Does 63 divide 96138?
True
Is 9 a factor of 22428?
True
Is 13 a factor of 1079?
True
Is 55450 a multiple of 36?
False
Is 12 a factor of 14892?
True
Does 8 divide 17625?
False
Is 8656 a multiple of 104?
False
Is 113 a factor of 3729?
True
Does 83 divide 8051?
True
Does 14 divide 1233?
False
Is 22 a factor of 622?
False
Is 2428 a multiple of 4?
True
Is 5 a factor of 20444?
False
Does 35 divide 656?
False
Does 45 divide 72?
False
Does 45 divide 411?
False
Is 591 a multiple of 14?
False
Does 108 divide 3672?
True
Is 6 a factor of 6319?
False
Does 60 divide 780?
True
Does 298 divide 20562?
True
Does 95 divide 1112?
False
Is 106 a factor of 2438?
True
Is 7 a factor of 364?
True
Is 11578 a multiple of 100?
False
Is 53813 a multiple of 152?
False
Is 47 a factor of 1316?
True
Is 364 a multiple of 91?
True
Does 13 divide 598?
True
Is 30 a factor of 17123?
False
Is 3391 a multiple of 11?
False
Is 89 a factor of 6764?
True
Is 39 a factor of 2873?
False
Is 2923 a multiple of 79?
True
Is 3 a factor of 177?
True
Does 49 divide 2876?
False
Does 16 divide 50?
False
Is 2941 a multiple of 22?
False
Is 12 a factor of 1201?
False
Is 19 a factor of 399?
True
Is 94 a multiple of 5?
False
Is 28 a factor of 4092?
False
Is 2 a factor of 514?
True
Does 10 divide 5610?
True
Is 871 a multiple of 13?
True
Does 200 divide 6541?
False
Is 6311 a multiple of 13?
False
Does 8 divide 384?
True
Is 1290 a multiple of 25?
False
Is 181 a factor of 3620?
True
Is 1050 a multiple of 14?
True
Is 7773 a multiple of 45?
False
Is 26 a factor of 2756?
True
Is 25 a factor of 1254?
False
Is 44 a factor of 1232?
True
Is 9 a factor of 962?
False
Does 54 divide 85834?
False
Is 15 a factor of 8895?
True
Does 26 divide 9698?
True
Does 53 divide 13515?
True
Does 16 divide 1317?
False
Is 34284 a multiple of 88?
False
Does 29 divide 1833?
False
Does 18 divide 856?
False
Does 66 divide 8433?
False
Is 33 a factor of 5244?
False
Does 11 divide 8060?
False
Is 21 a factor of 3885?
True
Is 321 a multiple of 43?
False
Is 648 a multiple of 63?
False
Is 7 a factor of 58212?
True
Does 3 divide 48?
True
Is 131 a factor of 5240?
True
Is 17 a factor of 6291?
False
Does 7 divide 25768?
False
Does 98 divide 6664?
True
Is 5 a factor of 1038?
False
Is 1962 a multiple of 10?
False
Is 80830 a multiple of 137?
True
Is 2800 a multiple of 40?
True
Does 287 divide 31536?
False
Is 14 a factor of 32172?
True
Is 2310 a multiple of 15?
True
Does 13 divide 26546?
True
Does 63 divide 57897?
True
Is 13520 a multiple of 13?
True
Does 2 divide 78?
True
Is 14 a factor of 3411?
False
Does 34 divide 11792?
False
Is 60 a multiple of 10?
True
Does 7 divide 105?
True
Does 127 divide 3312?
False
Is 54 a factor of 19508?
False
Is 4784 a multiple of 4?
True
Does 29 divide 